 3 = -11. Suppose 0 = 4*d + d - 5*c - 155, 131 = u*d + 3*c. Let y = 3 - -4. What is the highest common divisor of y and d?
7
Suppose -5*c - 30 = -5*j, 0 = 2*c - j - 0*j + 9. Let s be (-61)/(-4) + c/12. What is the greatest common factor of 3 and s?
3
Let k be 4/(2 - 6)*-70. What is the highest common factor of 35 and k?
35
Let d = 49 - 27. Calculate the greatest common divisor of 242 and d.
22
Suppose 4*a + 2*i = 14, 2*a - 4*i + i - 27 = 0. Calculate the highest common factor of 9 and a.
3
Suppose -3*c - 58 = -4*c. What is the highest common factor of c and 29?
29
Let d(i) = 2*i**2 - i - 5. Let p be d(-3). Calculate the greatest common factor of p and 16.
16
Let i be 36 + (-1 - 2 - -2). Calculate the highest common factor of 21 and i.
7
Suppose 4*m - 5*i = 52, -4*m - 2*i + 12 = 3*i. What is the highest common divisor of m and 216?
8
Let o(x) = 7*x - 4*x**2 + 7*x**2 + 7 - 4*x**2. Let q be o(7). Let r(y) = 3*y - 5. Let t be r(11). What is the highest common factor of t and q?
7
Let i(b) = b**3 + 8*b**2 - 10*b - 8. Let r be i(-9). Suppose r = o + g, -8*g + 3*g = -3*o + 27. What is the highest common divisor of 4 and o?
4
Let x(v) = -v + 11. Let o be x(8). Suppose -r + 4*j - 20 = -o*r, 5*r + j - 5 = 0. Suppose -y = -r*y - 1. Calculate the greatest common factor of y and 5.
1
Let c be ((-4)/(-6))/(2/(-3)). Let n be 7*(c + (-9)/(-7)). Suppose -24 = -4*k - 0*k. What is the greatest common divisor of k and n?
2
Let c(n) = -18*n - 3 + n + 7 + 1. Let l = -10 - -5. Let p be c(l). Calculate the greatest common factor of 10 and p.
10
Suppose 2*s + 70 = 3*v + 7, -3*v + 4*s + 57 = 0. Suppose 9*u - 1955 = -8*u. What is the highest common factor of v and u?
23
Let k be 1 + (-20)/((-1)/1). Let b = k + -11. Let w(d) = 71*d**3 - d**2. Let p be w(1). What is the highest common divisor of b and p?
10
Suppose -2*n - 27 = n. Let a = n - -57. What is the greatest common divisor of 16 and a?
16
Suppose 0 = 6*h - 2*h - 3*o - 99, h - 33 = -2*o. Let s = -11 + h. Calculate the greatest common factor of s and 112.
16
Let v be (-1)/5 - (-1005)/25. Calculate the greatest common divisor of 8 and v.
8
Let t(j) = -j**3 + 7*j**2 - 3*j + 3. Let w be t(5). Calculate the highest common factor of 57 and w.
19
Let f be 12*3/(-18)*-2. Suppose f*y = y + 12. Suppose y*h - 4 = 8. Calculate the highest common factor of 3 and h.
3
Let y(w) = w**2 + w + 1. Let c be y(-2). Let a be 6/3 - (-27)/c. Calculate the highest common factor of 121 and a.
11
Suppose 2*n - 4*q - 2 = 0, 5*n + 4*q = 3 + 2. What is the greatest common divisor of 11 and n?
1
Let f be (239 - (-2)/(-2)) + -4. Calculate the greatest common divisor of f and 26.
26
Let i be 1/(49/(-10) + 5). Let c be (-9)/2*4/(-3). Let a(l) = 17*l + 8. Let m be a(c). What is the highest common factor of m and i?
10
Suppose 3*k - 29 = 2*i, -2*i = -5*k + i + 47. Suppose a = -2*g + 5, k*a - 2*a - 1 = 2*g. Let x = -20 + 36. Calculate the greatest common factor of x and g.
2
Suppose 11 = -2*b + 5*i + 82, 2*b - 67 = i. Calculate the greatest common factor of 363 and b.
33
Suppose 3*w + 12 = 5*r + 1, -5 = r - 3*w. Suppose 0 = 3*s + 4*k - 2*k - 52, -5*s = r*k - 86. Calculate the greatest common factor of s and 162.
18
Let t(r) = -r**3 + r**2 - r. Let f be t(2). Suppose -3*k - 3*n = -2*n + 35, -5*k = -5*n + 45. Let m = f - k. What is the highest common factor of 40 and m?
5
Suppose -l + 8 = -5*l. Let z be (11 - 4)*(-1 - l). What is the greatest common factor of 28 and z?
7
Let x(g) = -3 + 9*g + 2*g + g. Suppose 10 = -2*m - m + 4*j, -3*m = -5*j + 14. Let o be x(m). What is the highest common factor of 14 and o?
7
Let m = 73 + 26. Calculate the highest common divisor of m and 9.
9
Suppose 0 = w - 29 - 1. Calculate the greatest common divisor of w and 12.
6
Let k(l) = -l**3 + 7*l**2 - 5*l - 5. Let r be k(6). Calculate the highest common divisor of r and 1.
1
Let b(z) = -z**3 + 6*z**2 - 5*z - 4. Let w be b(4). Suppose 5*n - w = -3. Let x(g) = 21*g. Let m be x(n). What is the highest common divisor of m and 14?
7
Let q(a) = 14*a - 8. Let u be q(10). Calculate the highest common divisor of 12 and u.
12
Suppose -2*o + 0 = -2. Let v be (-38)/(-10) - (-3)/15. What is the greatest common factor of v and o?
1
Let y = -6 + 4. Let s = y - 0. Let z be s/(-3*2/567). What is the greatest common factor of z and 21?
21
Suppose 0 = -14*t + 16*t - 10. Suppose r + 2*b - 202 = 0, -2*r = -3*r - t*b + 211. What is the greatest common divisor of 28 and r?
28
Let x = -41 + 131. Let p be 1/4 - (-78)/8. What is the highest common factor of p and x?
10
Let b(k) = k - 2. Let x be b(4). Let o be 3/((2 + 0)/x). Suppose 0 = -p - 4*m + 23, 7*p = 4*p + 5*m - 16. What is the highest common divisor of p and o?
3
Let y be 8/12 - (0 - 4/3). What is the greatest common factor of 1 and y?
1
Suppose 17 = 4*a - g, 2*a - 5*g - 19 = 4*a. Let b(m) = -41 + 41 + m**3 + 3*m - 3*m**2. Let i be b(a). Calculate the highest common divisor of 99 and i.
9
Let o be (3/(-4))/((-2)/8). Let z be 0/(2 - o) - -154. Let a = 33 + -19. Calculate the greatest common divisor of z and a.
14
Let s(n) = n - 4*n - n**2 - 5*n + 4. Suppose 0 = 5*r + w + 45, 4*r - 2*w + 25 = 3. Let y be s(r). Calculate the greatest common divisor of y and 16.
4
Let m = -13 - -17. Suppose -2*j - m*a - 10 = 0, 15 = a - 4*a. Calculate the highest common factor of j and 1.
1
Let v(p) = 5*p**2 - 2*p - 3. Let y be v(-4). Calculate the greatest common divisor of y and 34.
17
Let g be (-4)/(-10) + 424/(-10). Let s = -319 + 449. Let o = s + g. Calculate the highest common divisor of 8 and o.
8
Let m be (-30)/(-5)*1*27. What is the highest common divisor of m and 18?
18
Suppose 2*o = 6*l - 2*l + 2, -5*l - 3*o = -3. Suppose -b + 4 = -l*b. Suppose b*k + 6 = 86. Calculate the highest common factor of k and 20.
20
Let j(m) = m**3 + 2*m**2 - 6*m - 6. Let h be j(-4). Let a = -1 - 2. Let p = a - h. Calculate the greatest common divisor of p and 121.
11
Let y = -2 - -5. Suppose 0 = y*h - 0*h - 21. What is the highest common factor of 63 and h?
7
Let n(c) be the first derivative of c**3/3 - 6*c**2 - 9*c - 1. Let d be n(13). Suppose -b = -d*b + 18. What is the highest common divisor of b and 4?
2
Let m(i) = 4*i - 9. Let x be m(6). Suppose 4*p + 0*p + 28 = 0. Let j be 208/7 + (-2)/p. Calculate the greatest common divisor of j and x.
15
Let w be 3 + -3 + (1 - -2). Let c be -2*(2 - 7/2). Suppose -w*u = -4*u + c. What is the greatest common divisor of 2 and u?
1
Suppose 4*d - 7 = -3, -5*b + 582 = 2*d. What is the greatest common divisor of 29 and b?
29
Let u = 44 + -21. Calculate the highest common divisor of u and 184.
23
Let l = 15 + -25. Let p(q) = -3*q - 3. Let v be p(l). What is the greatest common factor of v and 3?
3
Let s be 2/(2*-1)*-3. Suppose -s*d = 3*w - 12, 0*w - 2*d = -w + 1. Suppose w*k + 27 = 4*k. Calculate the highest common factor of 3 and k.
3
Let s be 2 + (4 - -14) - 2. Suppose 3*o = -p + 87, 0*p = 5*p + 3*o - 447. What is the greatest common divisor of s and p?
18
Let r(a) be the first derivative of -5*a**2/2 - 6*a + 3. Let p be r(-4). Calculate the highest common divisor of 2 and p.
2
Let c(g) = 6*g - 29*g + 3 - 5. Let l(u) = 11*u + 1. Let s(a) = 3*c(a) + 5*l(a). Let f be s(-2). Calculate the greatest common factor of 9 and f.
9
Let u = 42 - 37. What is the greatest common factor of u and 1?
1
Suppose -88 = -2*x + 32. Suppose x = 3*h - 18. What is the greatest common divisor of h and 78?
26
Let s(u) = -u**2 - 7*u + 7. Let z(d) = -d. Let p(y) = -s(y) + 3*z(y). Let t be p(-7). Suppose -9 = -4*l - 1. What is the greatest common factor of l and t?
2
Suppose 5*r + 5*b = 5, -4*r - 2*b = 3*b - 3. Suppose -169 + 37 = -3*t. Suppose h = 3*h - t. What is the highest common divisor of h and r?
2
Let k be 2/(-5) + 2/5. Suppose k*o + 4*o + 24 = 2*c, -2*c = 4*o - 32. What is the highest common divisor of 14 and c?
14
Let j be (-3 - (-7)/2)*4. Suppose -3*i + 9 = 4*n, j*n + 2*n = -i + 11. Suppose -13 = -n*l + 2*l. Calculate the highest common factor of l and 13.
13
Let c(a) = -a - 5. Let u be c(-7). Suppose -u*d = -3*z - 6*d, 4*z - 3*d = 25. Let w = z + 7. Calculate the greatest common divisor of 77 and w.
11
Let f(d) = d - 2*d + 0*d + d**2. Let i be f(2). Suppose -4*x + i = -k - 0, k + 3 = 5*x. What is the highest common divisor of x and 8?
1
Suppose -n -